is divided by 11?
9
Calculate the remainder when 6939 is divided by 287.
51
What is the remainder when 19397 is divided by 77?
70
What is the remainder when 118602 is divided by 39534?
0
What is the remainder when 7562 is divided by 7483?
79
Calculate the remainder when 144037 is divided by 245.
222
What is the remainder when 3445 is divided by 354?
259
Calculate the remainder when 437221 is divided by 164.
161
What is the remainder when 69549 is divided by 108?
105
Calculate the remainder when 6390 is divided by 97.
85
Calculate the remainder when 1213 is divided by 205.
188
What is the remainder when 43237 is divided by 7?
5
What is the remainder when 336398 is divided by 58?
56
What is the remainder when 37842 is divided by 228?
222
What is the remainder when 2352 is divided by 138?
6
Calculate the remainder when 499 is divided by 410.
89
What is the remainder when 15685 is divided by 15680?
5
What is the remainder when 4145 is divided by 2068?
9
Calculate the remainder when 5983197 is divided by 32.
29
What is the remainder when 5545916 is divided by 963?
962
Calculate the remainder when 4506 is divided by 12.
6
What is the remainder when 57072 is divided by 63?
57
What is the remainder when 88278 is divided by 485?
8
Calculate the remainder when 2422 is divided by 223.
192
Calculate the remainder when 95309 is divided by 64.
13
What is the remainder when 11180 is divided by 802?
754
What is the remainder when 13970 is divided by 13?
8
Calculate the remainder when 33152 is divided by 10923.
383
What is the remainder when 8893 is divided by 2963?
4
Calculate the remainder when 438958 is divided by 27.
19
Calculate the remainder when 13158 is divided by 249.
210
Calculate the remainder when 1031 is divided by 331.
38
What is the remainder when 20452 is divided by 14?
12
Calculate the remainder when 6961 is divided by 280.
241
Calculate the remainder when 5465 is divided by 945.
740
Calculate the remainder when 1757 is divided by 80.
77
What is the remainder when 134 is divided by 28?
22
Calculate the remainder when 37997 is divided by 746.
697
Calculate the remainder when 296 is divided by 125.
46
What is the remainder when 89836 is divided by 16?
12
What is the remainder when 8299 is divided by 2072?
11
What is the remainder when 540176 is divided by 18?
14
Calculate the remainder when 2959 is divided by 985.
4
What is the remainder when 65867 is divided by 331?
329
Calculate the remainder when 48504 is divided by 67.
63
What is the remainder when 2035430 is divided by 76?
74
What is the remainder when 398647 is divided by 5387?
9
Calculate the remainder when 1345529 is divided by 11.
9
What is the remainder when 1543096 is divided by 34291?
1
What is the remainder when 7551 is divided by 221?
37
What is the remainder when 116542 is divided by 5826?
22
What is the remainder when 139882 is divided by 2152?
2
What is the remainder when 34703 is divided by 10?
3
What is the remainder when 184441 is divided by 104?
49
What is the remainder when 127135 is divided by 274?
273
Calculate the remainder when 122973 is divided by 198.
15
Calculate the remainder when 5465 is divided by 985.
540
Calculate the remainder when 19828 is divided by 3302.
16
What is the remainder when 118182 is divided by 16882?
8
What is the remainder when 1787 is divided by 404?
171
What is the remainder when 403 is divided by 181?
41
What is the remainder when 7314 is divided by 95?
94
Calculate the remainder when 46573 is divided by 6653.
2
What is the remainder when 212933 is divided by 364?
357
Calculate the remainder when 787960 is divided by 3256.
8
Calculate the remainder when 24394 is divided by 214.
212
Calculate the remainder when 327310 is divided by 16.
14
What is the remainder when 3413 is divided by 42?
11
What is the remainder when 4726 is divided by 26?
20
Calculate the remainder when 58944 is divided by 4534.
2
Calculate the remainder when 514254 is divided by 85708.
6
What is the remainder when 854 is divided by 420?
14
What is the remainder when 6988 is divided by 103?
87
Calculate the remainder when 483783 is divided by 26874.
51
Calculate the remainder when 17909 is divided by 199.
198
Calculate the remainder when 2466 is divided by 31.
17
Calculate the remainder when 373757 is divided by 2492.
2449
What is the remainder when 3740 is divided by 1864?
12
What is the remainder when 1500641 is divided by 33?
32
Calculate the remainder when 25680 is divided by 8555.
15
Calculate the remainder when 1224570 is divided by 55.
50
Calculate the remainder when 7329526 is divided by 324.
322
Calculate the remainder when 210733 is divided by 52666.
69
Calculate the remainder when 255951 is divided by 178.
165
What is the remainder when 260366 is divided by 6?
2
What is the remainder when 53102 is divided by 82?
48
Calculate the remainder when 30424 is divided by 2533.
28
Calculate the remainder when 277372 is divided by 35.
32
Calculate the remainder when 297149 is divided by 74286.
5
What is the remainder when 2169 is divided by 254?
137
Calculate the remainder when 121869 is divided by 3046.
29
What is the remainder when 891179 is divided by 292?
287
What is the remainder when 1731266 is divided by 121?
119
Calculate the remainder when 1327 is divided by 95.
92
Calculate the remainder when 452933 is divided by 547.
17
Calculate the remainder when 10902 is divided by 292.
98
What is the remainder when 203140 is divided by 162?
154
Calculate the remainder when 4804 is divided by 661.
177
What is the remainder when 13096 is divided by 20?
16
What is the remainder when 307466 is divided by 102483?
17
Calculate the remainder when 48499 is divided by 6926.
17
Calculate the remainder when 3746 is divided by 466.
18
Calculate the remainder when 41311 is divided by 20504.
303
Calculate the remainder when 13911 is divided by 37.
36
Calculate the remainder when 16386 is divided by 283.
255
Calculate the remainder when 16237 is divided by 35.
32
Calculate the remainder when 223382 is divided by 19.
18
Calculate the remainder when 149613 is divided by 2023.
1934
What is the remainder when 3058 is divided by 41?
24
Calculate the remainder when 2003 is divided by 981.
41
What is the remainder when 425 is divided by 224?
201
What is the remainder when 20266 is divided by 2025?
16
Calculate the remainder when 2048 is divided by 670.
38
Calculate the remainder when 2680 is divided by 99.
7
Calculate the remainder when 4347 is divided by 712.
75
Calculate the remainder when 208601 is divided by 106.
99
What is the remainder when 151540 is divided by 50507?
19
What is the remainder when 32733 is divided by 10911?
0
What is the remainder when 32553 is divided by 106?
11
What is the remainder when 2913 is divided by 15?
3
What is the remainder when 3009 is divided by 373?
25
What is the remainder when 3680 is divided by 885?
140
Calculate the remainder when 591663 is divided by 113.
108
What is the remainder when 101704 is divided by 69?
67
Calculate the remainder when 21550 is divided by 7.
4
Calculate the remainder when 264 is divided by 215.
49
Calculate the remainder when 2126 is divided by 156.
98
Calculate the remainder when 192318 is divided by 241.
0
Calculate the remainder when 26227 is divided by 86.
83
Calculate the remainder when 25312 is divided by 2530.
12
Calculate the remainder when 19190 is divided by 99.
83
Calculate the remainder when 11560 is divided by 578.
0
Calculate the remainder when 4567 is divided by 912.
7
Calculate the remainder when 10158 is divided by 61.
32
What is the remainder when 19999 is divided by 73?
70
What is the remainder when 4985 is divided by 1181?
261
Calculate the remainder when 3063 is divided by 2254.
809
Calculate the remainder when 264073 is divided by 214.
211
What is the remainder when 4146 is divided by 83?
79
Calculate the remainder when 50059 is divided by 865.
754
What is the remainder when 48398 is divided by 1182?
1118
Calculate the remainder when 859311 is divided by 29.
12
What is the remainder when 78788 is divided by 153?
146
Calculate the remainder when 13084 is divided by 76.
12
Calculate the remainder when 1191 is divided by 25.
16
Calculate the remainder when 59382 is divided by 52.
50
What is the remainder when 3